are the prime factors of 22429?
11, 2039
List the prime factors of 436.
2, 109
List the prime factors of 779.
19, 41
What are the prime factors of 81038?
2, 40519
List the prime factors of 12783.
3, 4261
What are the prime factors of 57412?
2, 31, 463
List the prime factors of 21304.
2, 2663
What are the prime factors of 2546?
2, 19, 67
What are the prime factors of 383?
383
List the prime factors of 966.
2, 3, 7, 23
List the prime factors of 40247.
167, 241
What are the prime factors of 10137?
3, 31, 109
What are the prime factors of 245?
5, 7
What are the prime factors of 165504?
2, 3, 431
What are the prime factors of 1710?
2, 3, 5, 19
What are the prime factors of 40344?
2, 3, 41
What are the prime factors of 34606?
2, 11, 13
List the prime factors of 15242.
2, 7621
What are the prime factors of 330?
2, 3, 5, 11
What are the prime factors of 615?
3, 5, 41
List the prime factors of 60128.
2, 1879
What are the prime factors of 198?
2, 3, 11
List the prime factors of 1752.
2, 3, 73
What are the prime factors of 2229?
3, 743
List the prime factors of 5866.
2, 7, 419
List the prime factors of 2685.
3, 5, 179
What are the prime factors of 157100?
2, 5, 1571
What are the prime factors of 3811?
37, 103
What are the prime factors of 29484?
2, 3, 7, 13
What are the prime factors of 529?
23
List the prime factors of 2874.
2, 3, 479
What are the prime factors of 14191?
23, 617
List the prime factors of 4694.
2, 2347
List the prime factors of 89449.
89449
What are the prime factors of 10147?
73, 139
What are the prime factors of 1233?
3, 137
List the prime factors of 3798.
2, 3, 211
What are the prime factors of 44891?
7, 11, 53
List the prime factors of 29452.
2, 37, 199
List the prime factors of 2206.
2, 1103
What are the prime factors of 31953?
3, 10651
What are the prime factors of 3252?
2, 3, 271
List the prime factors of 100049.
100049
List the prime factors of 4202.
2, 11, 191
What are the prime factors of 12587?
41, 307
List the prime factors of 30550.
2, 5, 13, 47
List the prime factors of 301.
7, 43
List the prime factors of 862.
2, 431
List the prime factors of 14460.
2, 3, 5, 241
What are the prime factors of 3714?
2, 3, 619
What are the prime factors of 75753?
3, 19, 443
What are the prime factors of 235?
5, 47
What are the prime factors of 26115?
3, 5, 1741
List the prime factors of 31992.
2, 3, 31, 43
List the prime factors of 2270.
2, 5, 227
What are the prime factors of 38406?
2, 3, 37, 173
What are the prime factors of 1613?
1613
List the prime factors of 66160.
2, 5, 827
List the prime factors of 1449.
3, 7, 23
What are the prime factors of 12740?
2, 5, 7, 13
What are the prime factors of 15491?
7, 2213
What are the prime factors of 46267?
13, 3559
What are the prime factors of 28633?
11, 19, 137
List the prime factors of 1545.
3, 5, 103
List the prime factors of 3967.
3967
What are the prime factors of 42205?
5, 23, 367
List the prime factors of 3188.
2, 797
What are the prime factors of 4671?
3, 173
List the prime factors of 467.
467
List the prime factors of 272.
2, 17
What are the prime factors of 127579?
127579
What are the prime factors of 189?
3, 7
What are the prime factors of 227?
227
List the prime factors of 32842.
2, 16421
What are the prime factors of 267?
3, 89
List the prime factors of 1612.
2, 13, 31
What are the prime factors of 126476?
2, 7, 4517
List the prime factors of 19152.
2, 3, 7, 19
What are the prime factors of 4839?
3, 1613
What are the prime factors of 604?
2, 151
List the prime factors of 545.
5, 109
List the prime factors of 1497.
3, 499
List the prime factors of 3587.
17, 211
List the prime factors of 12536.
2, 1567
List the prime factors of 17783.
17783
What are the prime factors of 685?
5, 137
List the prime factors of 3207.
3, 1069
List the prime factors of 943.
23, 41
What are the prime factors of 4151?
7, 593
What are the prime factors of 5603?
13, 431
List the prime factors of 3130.
2, 5, 313
List the prime factors of 3214.
2, 1607
What are the prime factors of 8511?
3, 2837
What are the prime factors of 28398?
2, 3, 4733
What are the prime factors of 26617?
43, 619
What are the prime factors of 104682?
2, 3, 73, 239
List the prime factors of 65685.
3, 5, 29, 151
What are the prime factors of 80963?
80963
What are the prime factors of 51277?
47, 1091
What are the prime factors of 10368?
2, 3
What are the prime factors of 2880?
2, 3, 5
What are the prime factors of 439?
439
What are the prime factors of 42571?
42571
List the prime factors of 47232.
2, 3, 41
List the prime factors of 2020.
2, 5, 101
What are the prime factors of 604?
2, 151
List the prime factors of 27173.
29, 937
What are the prime factors of 4139?
4139
List the prime factors of 5051.
5051
What are the prime factors of 21084?
2, 3, 7, 251
What are the prime factors of 10586?
2, 67, 79
List the prime factors of 2402.
2, 1201
List the prime factors of 11720.
2, 5, 293
List the prime factors of 11273.
11273
List the prime factors of 1176.
2, 3, 7
What are the prime factors of 2956?
2, 739
What are the prime factors of 460?
2, 5, 23
List the prime factors of 16092.
2, 3, 149
What are the prime factors of 121?
11
What are the prime factors of 75177?
3, 8353
What are the prime factors of 65705?
5, 17, 773
What are the prime factors of 1273?
19, 67
List the prime factors of 534.
2, 3, 89
What are the prime factors of 45912?
2, 3, 1913
List the prime factors of 1461.
3, 487
What are the prime factors of 78069?
3, 53, 491
What are the prime factors of 869?
11, 79
What are the prime factors of 710?
2, 5, 71
What are the prime factors of 640?
2, 5
List the prime factors of 1581.
3, 17, 31
What are the prime factors of 835?
5, 167
List the prime factors of 36493.
36493
List the prime factors of 843.
3, 281
List the prime factors of 31373.
137, 229
List the prime factors of 98402.
2, 49201
List the prime factors of 1911.
3, 7, 13
What are the prime factors of 44257?
44257
List the prime factors of 2140.
2, 5, 107
List the prime factors of 20700.
2, 3, 5, 23
What are the prime factors of 63153?
3, 2339
What are the prime factors of 570?
2, 3, 5, 19
What are the prime factors of 21061?
21061
List the prime factors of 223.
223
What are the prime factors of 7335?
3, 5, 163
What are the prime factors of 3335?
5, 23, 29
List the prime factors of 41368.
2, 5171
What are the prime factors of 25956?
2, 3, 7, 103
List the prime factors of 27168.
2, 3, 283
List the prime factors of 4231.
4231
List the prime factors of 10461.
3, 11, 317
List the prime factors of 1915.
5, 383
List the prime factors of 6216.
2, 3, 7, 37
What are the prime factors of 18847?
47, 401
List the prime factors of 4448.
2, 139
List the prime factors of 55898.
2, 19, 1471
List the prime factors of 1991.
11, 181
What are the prime factors of 29334?
2, 3, 4889
What are the prime factors of 186?
2, 3, 31
List the prime factors of 1760.
2, 5, 11
List the prime factors of 278.
2, 139
What are the prime factors of 30084?
2, 3, 23, 109
What are the prime factors of 5776?
2, 19
List the prime factors of 676.
2, 13
What are the prime factors of 824?
2, 103
List the prime factors of 16313.
11, 1483
What are the prime factors of 2554?
2, 1277
List the prime factors of 822.
2, 3, 137
List the prime factors of 1129.
1129
What are the prime factors of 16390?
2, 5, 11, 149
What are the prime factors of 6233?
23, 271
What are the prime factors of 61917?
3, 20639
List the prime factors of 7652.
2, 1913
What are the prime factors of 919?
919
List the prime factors of 14652.
2, 3, 11, 37
List the prime factors of 4995.
3, 5, 37
What are the prime factors of 41485?
5, 8297
What are the prime factors of 18632?
2, 17, 137
What are the prime factors of 91339?
241, 379
What are the prime factors of 8785?
5, 7, 251
List the prime factors of 207903.
3, 37, 1873
List the prime factors of 52203.
3, 17401
List the prime factors of 1551.
3, 11, 47
What are the prime factors of 40233?
3, 13411
List the prime factors of 11917.
17, 701
List the prime factors of 1860.
2, 3, 5, 31
What are the prime factors of 23853?
3, 7951
What are the prime factors of 1992?
2, 3, 83
List the prime factors of 16760.
2, 5, 419
What are the prime factors of 25271?
37, 683
List the prime factors of 11601.
3, 1289
List the prime f